pose -10 = 5*b, 0 = -v + 6*v + b - 318. What is the units digit of v?
4
Let m = 4 - 2. Suppose 0 = -m*d + 6*d - 16. What is the units digit of d?
4
Let m = -14 + 41. What is the units digit of m?
7
Let t(d) = d**3 + 4*d**2 + 4*d + 4. Let i(x) = x**2 - x - 1. Let h(f) = 5*i(f) + t(f). What is the units digit of h(-9)?
8
Suppose -4*s + s + 21 = 0. Let h = 2 + -4. Let y = s + h. What is the units digit of y?
5
Let t = 6 + -5. Let d = 3 + t. Suppose -u - 1 = 3*q - 0, -d*q + 6 = 2*u. What is the units digit of u?
1
Suppose -6*i + 856 = -1046. What is the tens digit of i?
1
Let r = 17 - 14. What is the tens digit of 14 + (2 + 0 - r)?
1
Suppose 0 = n - 27 + 1. Let g = 43 - n. What is the tens digit of g?
1
Let p be (-66)/(-5) + (-4)/20. Suppose 0 = -2*l + p - 5. What is the units digit of l?
4
Suppose k + 4 = 0, q + k = 2*q - 7. Let j = 3 - 0. Suppose 0 = q*l - 3*a - 18, 0 = -4*l - 0*l - 5*a - j. What is the units digit of l?
3
Suppose -3*j - 3*q + 413 + 220 = 0, 4*j + 2*q = 852. What is the hundreds digit of j?
2
Let c(x) = 2*x**3 - 8*x**2 + 4*x + 4. What is the tens digit of c(4)?
2
Let r = 24 + -6. What is the units digit of r?
8
Suppose d = -3*m + 141 - 14, 2*m - 622 = -5*d. Suppose -10 = 5*z + 10, -z + d = 4*k. What is the units digit of k?
2
Let j(y) = y + 86. What is the units digit of j(0)?
6
Let n(f) be the third derivative of -2*f**2 + 0*f + 1/24*f**4 + 3/2*f**3 + 0. What is the units digit of n(-7)?
2
Suppose -4*m = 4*m - 80. What is the tens digit of m?
1
Suppose -24*g + 23*g + 41 = 0. What is the units digit of g?
1
Let t = -80 - -90. What is the tens digit of t?
1
Let z be -12*3/(-12 - -3). Let y = z + -1. What is the units digit of y?
3
Let v(n) = n**2 + n + 5. Let k be v(0). Suppose 4*d - 16 = 0, -3*d = k*b + 5 - 22. What is the units digit of (b + -7)*6/(-9)?
4
Let i(r) = r + 1. Let o(x) = -3*x - 3. Let g(s) = -7*i(s) - 2*o(s). What is the units digit of g(-5)?
4
Let j = 8 - 0. Let l = 29 + j. What is the tens digit of l?
3
Let b be -18*(10/(-4) - -2). Suppose 5*s + b = -5*v - 1, v - 10 = -5*s. What is the units digit of (-2)/(-6) + 14/s?
5
Let g = 28 - 14. Let k = g + -12. What is the units digit of k?
2
Suppose 2*i - 4*i + 28 = 0. Suppose -70 + i = -4*x. What is the tens digit of x?
1
Let k(r) = -r**3 + r**2. What is the tens digit of k(-2)?
1
Suppose 2*x + 2*x - 40 = 0. What is the tens digit of x?
1
Suppose -5*v - 96 = -l + 140, 992 = 4*l + 4*v. What is the tens digit of l?
4
Let c(z) = 2*z**3 - 3*z**2 + 1. Let p be c(2). Suppose -j + 4*j - 15 = -q, 0 = -5*q - p*j + 35. Suppose -2*r + q = -r. What is the units digit of r?
3
Let t = -92 + 146. What is the tens digit of t?
5
Suppose 5*g - 4*h - 5 = 0, -2*h - 2 - 2 = -4*g. Suppose x - 4*u = g + 1, 3*u - 6 = 0. What is the units digit of x?
0
Let k = 1 + -1. Let n(z) = z**3 - z**2 - z + 1. What is the units digit of n(k)?
1
Let n(z) = -z**2 - 17*z + 5. Let j be n(-12). Suppose -72 = -3*l + 3*d, 0 = 2*l + 5*d - j - 18. What is the units digit of l?
9
Suppose 2*t - 4*q + 4 = 0, 2*t + 5*q = -2*t + 18. What is the tens digit of (1 + (-1)/t)*50?
2
Let i = 40 - 38. What is the units digit of i?
2
Let c(r) be the first derivative of r**4/4 - 4*r**3/3 + 2*r**2 - 2*r - 1. What is the units digit of c(3)?
1
Let u = 374 - 229. What is the hundreds digit of u?
1
Let m(x) = -4*x**3 - 2*x + 3. What is the tens digit of m(-3)?
1
Let p(f) = 3*f**3 - 3*f + 3. Let s be p(3). Suppose -2*g = 3*g + s. Let m = -8 - g. What is the units digit of m?
7
Let a = 1 - 0. What is the tens digit of (-672)/(-35) + a/(-5)?
1
Suppose -2*m + 2*a = -6, 4*a - 4 = m - 5*m. Suppose 0 = -x + 2, 0 = -m*r + 3*r - x - 9. What is the tens digit of r?
1
Let q(v) = 6*v - 15. Let k be q(11). Suppose 63 = 3*g - k. What is the tens digit of g?
3
Let m = 324 - 180. What is the units digit of m/8*6/4?
7
Let k = 175 - 46. What is the units digit of k?
9
Let b = -6 + 13. Let l be (-9)/4 + b/28. What is the tens digit of 132/9 - l/6?
1
Let u(f) be the second derivative of f**5/60 - f**4/3 + 3*f**3/2 + f**2/2 - f. Let b(y) be the first derivative of u(y). What is the units digit of b(7)?
2
Suppose 0 = -4*r - a - 4, -3*r = -3*a - 0*a - 12. Let t = 8 - r. What is the units digit of t?
8
Let u(i) = -i + 3. Let s be u(-5). What is the units digit of ((-14)/s)/(2/(-16))?
4
Suppose 2*s - 57 = y, s - 115 = -4*s - 3*y. What is the tens digit of s?
2
Let z = 15 + -10. Suppose -z*a + 5 = -25. What is the units digit of a?
6
What is the tens digit of (-57)/5*5*3/(-3)?
5
Let h = 28 + -27. What is the tens digit of 9/12*(49 - h)?
3
Suppose 0*u - b + 111 = 5*u, 0 = -2*u - 3*b + 34. Let h = u - -6. What is the units digit of h?
9
Let q(o) = -o**3 + o**2 + 4*o - 3. Let y = -1 - 3. Let k = y + 6. What is the units digit of q(k)?
1
Let j(m) = 2*m - 8. Let x(a) = a + 1. Let h(b) = -j(b) + 5*x(b). Let w be h(-9). What is the units digit of (w/(-21))/((-2)/(-30))?
0
What is the hundreds digit of 103/((-6)/3 - -3)?
1
Let d(p) = 4*p**2 - 3*p + 17. What is the hundreds digit of d(5)?
1
Let s(o) = o**2 - 3*o - 3. Let t = 12 - 7. Let a be s(t). Suppose -5*q = -3*k - a + 52, 2*k + 4*q - 8 = 0. What is the units digit of k?
0
What is the tens digit of ((-481)/(-26))/((-1)/(-2))?
3
Let t(q) = q**2 + q - 2. Suppose 2*w + h + 4 + 1 = 0, -3*h + 21 = -3*w. What is the units digit of t(w)?
0
Let u(f) be the second derivative of -f**4/12 - 4*f**3/3 + 6*f**2 - 2*f. What is the units digit of u(-9)?
3
Let z = -1 + 3. Let q(o) = 9*o - 15*o**z - 17 - 2 + 7*o + o**3 + 9. What is the units digit of q(14)?
8
Suppose -3*a + 10 = q, -q = -4*a + 16 + 2. Suppose 3*h - 35 = -0*c + c, -36 = -4*h + a*c. What is the tens digit of h?
1
Let q(v) = -v + 14. Let y be q(9). Suppose 4*j + 67 = y*u, 5*j = -3*u + 2*u - 120. Let f = 33 + j. What is the units digit of f?
0
Let g be (4/10)/((-1)/(-5)). Let z(r) = g*r**2 - 4*r**2 + 1 + 5*r**2 + r. What is the units digit of z(-1)?
3
Let u be (-18 - -5) + 3 + 0. What is the units digit of ((-28)/u)/(2/5)?
7
Suppose c = -3*u + 138, -u - c + 228 = 4*u. What is the units digit of u?
5
Let g(h) = -68*h**3 + h**2 + h + 1. What is the units digit of g(-1)?
9
Let k = -16 + 4. Let l = k - -38. What is the units digit of l?
6
Let h(k) = -k**2 + k + 16. Let d be h(0). Suppose -5*n + d = -4. Let i = n + 3. What is the units digit of i?
7
Suppose -3*b = 4*s + 6, 3*s + 10 + 0 = -5*b. Let u(v) = s - 3 + 2 - 6*v. What is the units digit of u(-1)?
5
Let g(y) = -y**2 + 4*y - 4. Let p be g(3). Let i = p + 12. What is the units digit of i?
1
Let m = 362 + -89. What is the tens digit of m?
7
Suppose 0 = -r + 3*g + 9, 4*g + 77 = 4*r + 1. What is the units digit of r?
4
What is the tens digit of ((-12)/(-18))/((-6)/(-1593))?
7
What is the tens digit of ((-4)/(-10))/((-3)/(-2550))?
4
Let j = -9 - -14. Suppose 3 = -m + 2*m. Suppose -m*q = -j*q + 24. What is the tens digit of q?
1
Suppose 3*l - 35 = 31. Let m = -50 + l. What is the units digit of (24/m)/(1/(-7))?
6
Suppose 40 = -4*i + 160. What is the tens digit of i?
3
Suppose 7*z - 385 = -0*z. What is the tens digit of z?
5
Let z be 82/(-8) + 1/4. Let y be (-2)/((8/(-60))/(-1)). Let x = z - y. What is the units digit of x?
5
Let b be (-1 + 4)*(-24)/(-36). Suppose 5*z + 2*t = 221, -6*z + z + b*t = -209. What is the tens digit of z?
4
Let n(m) be the first derivative of 3*m**2/2 + 4. Let r be ((-2)/(-6))/(1/9). What is the units digit of n(r)?
9
Suppose -4*q + 15 = -9. Let w be (7/(-7))/((-2)/q). Suppose w*t = 2*t + 10. What is the tens digit of t?
1
Let g = 94 + -71. What is the units digit of g?
3
Let i = -35 + 25. Let h = -9 - i. What is the units digit of h?
1
What is the units digit of (-195)/6*(-42)/7?
5
Let c be -2*(-4)/(-4) - -3. What is the units digit of (1 + -6)/c*-2?
0
Suppose -o + 0*u + 15 = -3*u, -u = -1. Suppose 2*l + 0 = o. What is the units digit of l?
9
What is the units digit of 2*((-5)/2 - -3)?
1
Let n(p) = 153*p**2 + 4*p - 3. What is the tens digit of n(1)?
5
Let w(c) = 11*c**2 + c + 1. What is the units digit of w(-1)?
1
Let m(k) = k + 7. Let o be ((-4)/(-10))/((-3)/15). Let b be (0 + 1 - o)*2. What is the units digit of m(b)?
3
What is the units digit of -1 - ((-8)/4 + -22)?
3
Let p = -52 + 105. What is the tens digit of p?
5
Let m = 7 - 5. What is the units digit of m/6 + 380/12?
2
Let b(f) = f*